er?
True
Is 3251 a composite number?
False
Is 5507 a composite number?
False
Is 32347 composite?
True
Is 8941 composite?
False
Is 95453 a composite number?
True
Is 921 composite?
True
Is 747683 composite?
True
Is 14971 composite?
True
Is 6353 composite?
False
Is 436301 prime?
False
Is 226 a composite number?
True
Is 80357 prime?
False
Is 10963 composite?
True
Is 49849 a prime number?
False
Is 316447 a prime number?
False
Is 16183 a prime number?
True
Is 333563 a composite number?
False
Is 267931 a prime number?
False
Is 43093 prime?
True
Is 18637 a composite number?
False
Is 1308691 a composite number?
False
Is 109085 composite?
True
Is 421657 a prime number?
True
Is 23531 composite?
False
Is 2579 a composite number?
False
Is 707221 a prime number?
False
Is 21757 prime?
True
Is 135613 composite?
False
Is 19709 a composite number?
False
Is 46423 prime?
False
Is 27661 composite?
True
Is 217057 prime?
True
Is 1751 a composite number?
True
Is 117071 a prime number?
True
Is 23267 a composite number?
True
Is 8209 prime?
True
Is 108083 prime?
False
Is 73211 prime?
False
Is 477731 prime?
True
Is 623845 composite?
True
Is 28559 a composite number?
False
Is 642263 composite?
True
Is 108263 a composite number?
False
Is 375338 prime?
False
Is 111029 a composite number?
False
Is 9511 composite?
False
Is 12437 prime?
True
Is 354461 a composite number?
False
Is 18115 composite?
True
Is 348901 a composite number?
True
Is 166409 a composite number?
False
Is 16729 a prime number?
True
Is 24443 prime?
True
Is 313393 prime?
False
Is 80369 a prime number?
True
Is 31177 prime?
True
Is 1813289 a prime number?
False
Is 262781 a composite number?
False
Is 2121963 a composite number?
True
Is 54709 prime?
True
Is 78121 composite?
False
Is 1361279 a composite number?
False
Is 2521 a prime number?
True
Is 4822 a prime number?
False
Is 583199 a prime number?
False
Is 1052891 prime?
False
Is 64063 a prime number?
True
Is 49697 composite?
False
Is 21851 prime?
True
Is 306991 prime?
True
Is 11479 a composite number?
True
Is 61501 prime?
False
Is 29119 a composite number?
True
Is 14299 a prime number?
False
Is 11434 a composite number?
True
Is 1680243 a composite number?
True
Is 14281 prime?
True
Is 11213 prime?
True
Is 1559 a prime number?
True
Is 6389 a composite number?
False
Is 64873 composite?
True
Is 795517 a prime number?
True
Is 265703 a prime number?
True
Is 28295 a composite number?
True
Is 67439 prime?
False
Is 22409 composite?
False
Is 168743 composite?
False
Is 34415 composite?
True
Is 11777 a composite number?
False
Is 61379 prime?
True
Is 124103 a composite number?
True
Is 20477 a prime number?
True
Is 5197 a composite number?
False
Is 6013 a prime number?
False
Is 369214 a prime number?
False
Is 3864029 a composite number?
True
Is 171393 composite?
True
Is 23351 composite?
True
Is 33193 a prime number?
False
Is 2159 composite?
True
Is 5557 composite?
False
Is 1939 a composite number?
True
Is 113617 a composite number?
True
Is 241843 prime?
False
Is 4197 a prime number?
False
Is 1387733 prime?
True
Is 1711 prime?
False
Is 1847 composite?
False
Is 12289 a composite number?
False
Is 38102 a composite number?
True
Is 12791 a prime number?
True
Is 14437 composite?
False
Is 220621 prime?
False
Is 100693 prime?
True
Is 4889 a composite number?
False
Is 423391 composite?
True
Is 656519 a composite number?
False
Is 138583 prime?
False
Is 799031 a composite number?
False
Is 565943 composite?
True
Is 58021 a composite number?
True
Is 29501 a prime number?
True
Is 103767 prime?
False
Is 28691 a composite number?
True
Is 198443 prime?
False
Is 3659 a composite number?
False
Is 254959 composite?
False
Is 71143 prime?
True
Is 30999 a composite number?
True
Is 131099 composite?
True
Is 45271 prime?
False
Is 168761 prime?
True
Is 15293 a prime number?
False
Is 737591 prime?
True
Is 260621 composite?
True
Is 9781 a prime number?
True
Is 212999 prime?
True
Is 186389 prime?
False
Is 76997 prime?
False
Is 25969 a prime number?
True
Is 355751 a composite number?
True
Is 251723 prime?
False
Is 27769 a prime number?
False
Is 3439291 a composite number?
False
Is 121789 prime?
True
Is 133069 a composite number?
False
Is 255027 a prime number?
False
Is 2581 composite?
True
Is 5580367 prime?
False
Is 27149 composite?
True
Is 15959 a composite number?
False
Is 145529 a prime number?
False
Is 3083 a composite number?
False
Is 382727 a prime number?
True
Is 33401 a composite number?
True
Is 6246665 composite?
True
Is 4049 a composite number?
False
Is 244337 a composite number?
True
Is 74701 prime?
False
Is 60118 a prime number?
False
Is 283807 prime?
True
Is 10763 a composite number?
True
Is 7629 composite?
True
Is 1333001 prime?
False
Is 12193 composite?
True
Is 32633 composite?
False
Is 172147 prime?
True
Is 39659 prime?
True
Is 27631 a prime number?
True
Is 74651 prime?
False
Is 689459 a prime number?
True
Is 37399 composite?
True
Is 65561 composite?
True
Is 52361 a composite number?
False
Is 1943 a prime number?
False
Is 886562 composite?
True
Is 948859 composite?
True
Is 4391 composite?
False
Is 265 a composite number?
True
Is 462958 prime?
False
Is 1858691 composite?
False
Is 137729 a prime number?
False
Is 225113 prime?
False
Is 7639 prime?
True
Is 41729 composite?
False
Is 4569 composite?
True
Is 12353 prime?
False
Is 446443 a prime number?
False
Is 100507 composite?
True
Is 122807 prime?
False
Is 10729 prime?
True
Is 20593 composite?
False
Is 1131859 composite?
True
Is 25219 prime?
True
Is 799 prime?
False
Is 223781 a prime number?
True
Is 157247 a prime number?
True
Is 82853 a composite number?
True
Is 1399 prime?
True
Is 1136757 a prime number?
False
Is 1757 prime?
False
Is 1357 composite?
True
Is 1781 a composite number?
True
Is 49523 a prime number?
True
Is 5447 a composite number?
True
Is 521 a composite number?
False
Is 3541 composite?
False
Is 212827 composite?
False
Is 1130527 composite?
False
Is 17639 prime?
False
Is 4843 composite?
True
Is 5207 a composite number?
True
Is 5167 a composite number?
False
Is 3067 composite?
False
Is 3413 prime?
True
Is 263 a prime number?
True
Is 1802491 composite?
False
Is 2503 a prime number?
True
Is 36353 a composite number?
False
Is 176533 prime?
False
Is 1343 a composite number?
True
Is 8185 prime?
False
Is 1113859 a composite number?
False
Is 70937 composite?
False
Is 11474 a prime number?
False
Is 11369 prime?
True
Is 258847 a prime number?
True
Is 339818 a prime number?
False
Is 12827 a composite number?
True
Is 31895 composite?
True
Is 3493 a composite number?
True
Is 102369 a composite number?
True
Is 575689 a prime number?
True
Is 1608881 prime?
False
Is 24611 prime?
True
Is 1253569 a composite number?
True
Is 77659 a prime number?
True
Is 726983 prime?
True
Is 948587 prime?
False
Is 1162091 a composite number?
True
Is 990137 a prime number?
True
Is 8887 a prime number?
True
Is 219027 prime?
False
Is 604621 a composite number?
True
Is 260941 a composite number?
False
Is 240587 a composite number?
False
Is 2247289 composite?
True
Is 294485 composite?
True
Is 72337 a composite number?
False
Is 52483 composite?
True
Is 492691 prime?
False
Is 4417 prime?
False
Is 8663 prime?
True
Is 7801 prime?
False
Is 318781 a prime number?
True
Is 941881 composite?
True
Is 35 a composite number?
True
Is 5147 a prime number?
True
Is 8187 a composite number?
True
Is 67205 a composite number?
True
Is 11091 composite?
True
Is 13381 a composite number?
False
Is 4601 prime?
False
Is 822709 composite?
True
Is 6521 composite?
False
Is 263897 prime?
False
Is 32251 a composite number?
False
Is 11233 a prime number?
False
Is 583217 a composite number?
True
Is 2999 a composite number?
False
Is 377579 composite?
True
Is 7601 composite?
True
Is 152363 a prime number?
True
Is 1931 prime?
True
Is 734163 a composite number?
True
Is 2153 a prime number?
True
Is 103361 composite?
True
Is 6947 composite?
False
Is 78367 a prime number?
True
Is 2587001 a composite number?
False
Is 15421 composite?
True
Is 9103 composite?
False
Is 72949 a prime number?
True
Is 713 prime?
False
Is 197479 composite?
False
Is 5447 composite?
True
Is 370103 prime?
True
Is 34691 prime?
False
Is 185593 a prime number?
True
Is 126199 a prime number?
True
Is 2708467 prime?
True
Is 109439 a c